{"id":21951,"date":"2024-09-26T08:18:55","date_gmt":"2024-09-26T08:18:55","guid":{"rendered":"https:\/\/www.solucionespyme.net\/?page_id=21951"},"modified":"2024-10-23T07:28:13","modified_gmt":"2024-10-23T07:28:13","slug":"politica-de-privacidad","status":"publish","type":"page","link":"https:\/\/www.solucionespyme.net\/ca\/politica-de-privacidad\/","title":{"rendered":"Pol\u00edtica de Privacidad"},"content":{"rendered":"<div data-elementor-type=\"wp-page\" data-elementor-id=\"21951\" class=\"elementor elementor-21951\">\n\t\t\t\t<div class=\"elementor-element elementor-element-67e4b24 e-flex e-con-boxed e-con e-parent\" data-id=\"67e4b24\" data-element_type=\"container\" data-e-type=\"container\">\n\t\t\t\t\t<div class=\"e-con-inner\">\n\t\t<div class=\"elementor-element elementor-element-8adda02 e-con-full e-flex e-con e-child\" data-id=\"8adda02\" data-element_type=\"container\" data-e-type=\"container\">\n\t\t\t\t<div class=\"elementor-element elementor-element-48b6eb7 elementor-widget-divider--view-line elementor-widget elementor-widget-divider\" data-id=\"48b6eb7\" data-element_type=\"widget\" data-e-type=\"widget\" data-widget_type=\"divider.default\">\n\t\t\t\t<div class=\"elementor-widget-container\">\n\t\t\t\t\t\t\t<div class=\"elementor-divider\">\n\t\t\t<span class=\"elementor-divider-separator\">\n\t\t\t\t\t\t<\/span>\n\t\t<\/div>\n\t\t\t\t\t\t<\/div>\n\t\t\t\t<\/div>\n\t\t\t\t<div class=\"elementor-element elementor-element-a299352 elementor-widget elementor-widget-text-editor\" data-id=\"a299352\" data-element_type=\"widget\" data-e-type=\"widget\" data-widget_type=\"text-editor.default\">\n\t\t\t\t<div class=\"elementor-widget-container\">\n\t\t\t\t\t\t\t\t\t<p><span style=\"color: #000000;\"><b>Informaci\u00f3n en cumplimiento de la normativa de protecci\u00f3n de datos personales<\/b><\/span><\/p><p><span style=\"color: #000000;\">En Europa y en Espa\u00f1a existen normas de protecci\u00f3n de datos pensadas para proteger su informaci\u00f3n personal de obligado cumplimiento para nuestra entidad.<\/span><\/p><p><span style=\"color: #000000;\">Por ello, es muy importante para nosotros, <strong>Soluciones Pyme<\/strong>, que entienda perfectamente qu\u00e9 vamos a hacer con los datos personales que le pedimos.<\/span><\/p><p><span style=\"color: #000000;\">As\u00ed, seremos transparentes y le daremos el control de sus datos, con un lenguaje sencillo y opciones claras que le permitir\u00e1n decidir qu\u00e9 haremos con su informaci\u00f3n personal.\u00a0<b><i>Al visitar nuestras webs acepta y consiente la presente Pol\u00edtica de Privacidad<\/i><\/b>.<\/span><\/p><h2><span style=\"color: #000000;\">\u00bfQui\u00e9n es el Responsable del tratamiento de sus datos?<\/span><\/h2><table><tbody><tr><td><span style=\"color: #000000;\">Titular<\/span><\/td><td><span style=\"color: #000000;\"><b>Jordi Cereceda Cremades<\/b><\/span><\/td><\/tr><tr><td><span style=\"color: #000000;\">Direcci\u00f3n<\/span><\/td><td><span style=\"color: #000000;\"><strong>Calle Generalitat 11 bajos 08850, Gava (Barcelona)<\/strong><\/span><\/td><\/tr><tr><td><span style=\"color: #000000;\">Tel\u00e9fono<\/span><\/td><td><strong><span style=\"color: #000000;\">637 71 10 50<\/span><\/strong><\/td><\/tr><tr><td><span style=\"color: #000000;\">Correo electr\u00f3nico<\/span><\/td><td><a href=\"mailto:jordi@solucionespyme.net\" target=\"_blank\" rel=\"noopener noreferrer\">jordi@solucionespyme.net<\/a><\/td><\/tr><\/tbody><\/table><h2>\u00a0<\/h2><h2><span style=\"color: #000000;\">\u00bfCon qu\u00e9 finalidad tratamos sus datos?<\/span><\/h2><p><span style=\"color: #000000;\">Tratamos los datos que nos ha facilitado con las siguientes finalidades:<\/span><\/p><ul><li aria-level=\"1\"><span style=\"color: #000000;\">Realizar las funciones administrativas, contable y laborales relacionadas con los servicios solicitados por usted.<\/span><\/li><li aria-level=\"1\"><span style=\"color: #000000;\">Enviar informaci\u00f3n promocional y\/o publicitaria de servicios y productos incluso por medios electr\u00f3nicos.<\/span><\/li><li aria-level=\"1\"><span style=\"color: #000000;\">Con el fin de poder ofrecerle productos y\/o servicios de acuerdo con sus intereses y mejorar su experiencia de usuario elaboraremos un perfil comercial de cliente en base a la informaci\u00f3n facilitada. No se tomar\u00e1n en ning\u00fan caso decisiones automatizadas en base a dicho perfil.<\/span><\/li><li aria-level=\"1\"><span style=\"color: #000000;\">Registrar su correo para recibir la\u00a0<i>newsletter\u00a0<\/i>que peri\u00f3dicamente entregamos a nuestros clientes, s\u00f3lo en el caso de que la haya solicitado expresamente.<\/span><\/li><li aria-level=\"1\"><span style=\"color: #000000;\">Mantenimiento de listas de no env\u00edos comerciales en caso de que nos haya comunicado que no quiere recibir informaci\u00f3n promocional\/publicitaria por v\u00eda electr\u00f3nica.<\/span><\/li><li aria-level=\"1\"><span style=\"color: #000000;\">Mantenimiento de listas de supresi\u00f3n\/cancelaci\u00f3n de datos en caso de que haya ejercitado su derecho a la cancelaci\u00f3n de sus datos. Estos datos se mantendr\u00e1n bloqueados y con acceso restringido durante el plazo legal m\u00ednimo establecido.<\/span><\/li><li aria-level=\"1\"><span style=\"color: #000000;\">Permitir el funcionamiento de nuestras websites, a trav\u00e9s de cookies t\u00e9cnicas y funcionales tal como se detalla en nuestra\u00a0<a style=\"color: #000000;\" href=\"https:\/\/qagencia.com\/informacion-legal\/politica-de-cookies\/\">pol\u00edtica de cookies<\/a><\/span><\/li><\/ul><h2><span style=\"color: #000000;\">\u00bfCu\u00e1nto tiempo conservaremos sus datos?<\/span><\/h2><p><span style=\"color: #000000;\">Sus datos se conservar\u00e1n:<\/span><\/p><ul><li aria-level=\"1\"><span style=\"color: #000000;\">Durante el m\u00ednimo tiempo legal posible (Ej.: en caso de facturaciones).<\/span><\/li><li aria-level=\"1\"><span style=\"color: #000000;\">En caso de solicitudes de informaci\u00f3n o consulta: mientras sean necesarias para dar respuesta a la misma.<\/span><\/li><li aria-level=\"1\"><span style=\"color: #000000;\">Para los suscriptores de\u00a0<b><i>newsletters<\/i><\/b>, a los tres meses de causar baja, se borrar\u00e1n parcialmente los datos del correo (disociaci\u00f3n), manteni\u00e9ndose \u00fanicamente para controles estad\u00edsticos.<\/span><\/li><\/ul><h2><span style=\"color: #000000;\">\u00bfCu\u00e1l es la legitimaci\u00f3n para el tratamiento de sus datos?<\/span><\/h2><p><span style=\"color: #000000;\">Dependiendo del tipo de relaci\u00f3n comercial y\/o de vinculaci\u00f3n con nosotros, la base legal para el tratamiento de sus datos personales puede ser:<\/span><\/p><ul><li aria-level=\"1\"><span style=\"color: #000000;\">Su\u00a0<b>consentimiento<\/b>, dado en el momento de facilitar voluntariamente sus datos en nuestros formularios y aceptar el tratamiento de sus datos.<\/span><\/li><li aria-level=\"1\"><span style=\"color: #000000;\">El\u00a0<b>inter\u00e9s leg\u00edtimo\u00a0<\/b>nos servir\u00e1 como base legal para el tratamiento de sus datos en la navegaci\u00f3n en los sitios web (Ej.: Navegaci\u00f3n en nuestras p\u00e1ginas web)<\/span><\/li><li aria-level=\"1\"><span style=\"color: #000000;\"><b>Obligaci\u00f3n legal<\/b>, incluida en el Reglamento Europeo de Protecci\u00f3n de Datos y en la Ley de Servicios de la Sociedad de la Informaci\u00f3n y Comercio Electr\u00f3nico LSSI (Ej.: bloqueo de sus datos y listado de no env\u00edos comerciales)<\/span><\/li><\/ul><h2><span style=\"color: #000000;\">\u00bfA qui\u00e9n comunicaremos sus datos?<\/span><\/h2><ul><li aria-level=\"1\"><span style=\"color: #000000;\">Los datos de los formularios sobre consultas no se entregar\u00e1n a ning\u00fan tercero. \u00danicamente se tratan internamente en\u00a0<b>Soluciones Pyme<\/b>.<\/span><\/li><li aria-level=\"1\"><span style=\"color: #000000;\"><b>ASESORIAS, PREVENCI\u00d3N DE RIESGOS, EMPRESAS DE V\u00cdDEO VIDEOVIGILANCIA, EMPRESAS DE HOSTING.\u00a0<\/b>En cualquier caso, cualquier cesi\u00f3n existir\u00e1 amparada bajo un contrato de encargo del tratamiento.<\/span><\/li><\/ul><p><span style=\"color: #000000;\">En caso de transferencia de sus datos a terceros pa\u00edses, velamos por dar la m\u00e1xima privacidad y seguridad a los datos de nuestros clientes. En este sentido la mayor\u00eda de nuestros proveedores y colaboradores se encuentran dentro del EEE (Espacio Econ\u00f3mico Europeo). En caso de que alguno de ellos est\u00e9 situado fuera de esta \u00e1rea, si se trata de EE. UU. deber\u00e1 estar acogido al Privacy Shield o bien en un pa\u00eds con un nivel adecuado de protecci\u00f3n de acuerdo con los criterios de la Comisi\u00f3n Europea. En caso de otros pa\u00edses, que no tengan leyes tan estrictas como la legislaci\u00f3n europea, aplicamos cl\u00e1usulas contractuales tipo, de acuerdo con la Decisi\u00f3n de la Comisi\u00f3n Europea de 5 de febrero de 2010, y se firmar\u00e1n contratos de encargo de tratamiento con estas empresas.<\/span><\/p><p><span style=\"color: #000000;\"><b>Soluciones Pyme<\/b>\u00a0garantiza que, en ning\u00fan caso vende, ofrece y\/o comercializa con los datos de sus clientes.<\/span><\/p><h2><span style=\"color: #000000;\">\u00bfCu\u00e1les son sus derechos cuando nos facilita sus datos?<\/span><\/h2><p><span style=\"color: #000000;\">Cualquier persona tiene derecho a\u00a0<b>obtener informaci\u00f3n<\/b>\u00a0clara y comprensible sobre si en\u00a0<b>Solcuiones Pyme<\/b>\u00a0se est\u00e1n tratando sus datos personales.<\/span><\/p><p><span style=\"color: #000000;\">\u00a0Las personas interesadas tienen derecho a\u00a0<b>acceder<\/b>\u00a0a sus datos de car\u00e1cter personal, as\u00ed como a solicitar la\u00a0<b>rectificaci\u00f3n<\/b>\u00a0de datos inexactos o, en su caso, solicitar la\u00a0<b>supresi\u00f3n<\/b>\u00a0cuando, entre otros motivos, los datos ya no sean necesarios para la finalidad que fueron entregados, as\u00ed como,\u00a0<b>retirar el consentimiento otorgado<\/b>. El ejercicio de\u00a0<b>oposici\u00f3n<\/b>\u00a0al tratamiento de sus datos para el env\u00edo de informaci\u00f3n publicitaria por v\u00eda electr\u00f3nica. Tambi\u00e9n, puede ejercer su derecho a la\u00a0<b>limitaci\u00f3n del tratamiento<\/b>, de forma que sus datos no ser\u00e1n suprimidos pero el tratamiento de \u00e9stos estar\u00e1 sujeto a limitaciones.<\/span><\/p><p><span style=\"color: #000000;\">Los ejercicios de portabilidad y automatizaci\u00f3n de decisiones no se aplican en este caso por la tipolog\u00eda de datos y tratamiento de \u00e9stos.<\/span><\/p><p><span style=\"color: #000000;\">El ejercicio de los derechos, anteriormente, indicados se podr\u00e1 hacer por correo postal, adjuntando copia del DNI o pasaporte, ante\u00a0<b>Soluciones Pyme<\/b>\u00a0con domicilio en<b>\u00a0<\/b><\/span><span style=\"text-align: var(--text-align);\"><span style=\"color: #000000;\"><b>Calle Generalitat 11 bajos 08850, Gava (Barcelona)<\/b><\/span><\/span><span style=\"color: #000000; text-align: var(--text-align);\">, o por correo electr\u00f3nico, a\u00a0<\/span><a style=\"text-align: var(--text-align); background-color: #ffffff; color: #000000;\" href=\"mailto:info@zynco.com\">info@zynco.com<\/a><span style=\"color: #000000; text-align: var(--text-align);\">\u00a0\u00a0adjuntando la misma documentaci\u00f3n, es decir, copia del DNI o pasaporte.<\/span><\/p><h2><span style=\"color: #000000;\">Contacto<\/span><\/h2><p><span style=\"color: #000000;\">Para cualquier consulta sobre el tratamiento de sus datos puede ponerse en contacto con nosotros en el correo electr\u00f3nico antes indicado.<\/span><\/p><p><span style=\"color: #000000;\">Asimismo, usted puede dirigir sus reclamaciones derivadas del tratamiento de sus datos de car\u00e1cter personal ante la entidad de control espa\u00f1ola (Agencia Espa\u00f1ola de Protecci\u00f3n de Datos).<\/span><\/p>\t\t\t\t\t\t\t\t<\/div>\n\t\t\t\t<\/div>\n\t\t\t\t<\/div>\n\t\t\t\t\t<\/div>\n\t\t\t\t<\/div>\n\t\t\t\t<\/div>","protected":false},"excerpt":{"rendered":"<p>Informaci\u00f3n en cumplimiento de la normativa de protecci\u00f3n de datos personales En Europa y en Espa\u00f1a existen normas de protecci\u00f3n de datos pensadas para proteger su informaci\u00f3n personal de obligado cumplimiento para nuestra entidad. Por ello, es muy importante para nosotros, Soluciones Pyme, que entienda perfectamente qu\u00e9 vamos a hacer con los datos personales que&#8230;<\/p>","protected":false},"author":1,"featured_media":0,"parent":0,"menu_order":0,"comment_status":"closed","ping_status":"closed","template":"","meta":{"om_disable_all_campaigns":false,"_monsterinsights_skip_tracking":false,"_monsterinsights_sitenote_active":false,"_monsterinsights_sitenote_note":"","_monsterinsights_sitenote_category":0,"_joinchat":[],"footnotes":""},"class_list":["post-21951","page","type-page","status-publish","hentry"],"aioseo_notices":[],"_links":{"self":[{"href":"https:\/\/www.solucionespyme.net\/ca\/wp-json\/wp\/v2\/pages\/21951","targetHints":{"allow":["GET"]}}],"collection":[{"href":"https:\/\/www.solucionespyme.net\/ca\/wp-json\/wp\/v2\/pages"}],"about":[{"href":"https:\/\/www.solucionespyme.net\/ca\/wp-json\/wp\/v2\/types\/page"}],"author":[{"embeddable":true,"href":"https:\/\/www.solucionespyme.net\/ca\/wp-json\/wp\/v2\/users\/1"}],"replies":[{"embeddable":true,"href":"https:\/\/www.solucionespyme.net\/ca\/wp-json\/wp\/v2\/comments?post=21951"}],"version-history":[{"count":5,"href":"https:\/\/www.solucionespyme.net\/ca\/wp-json\/wp\/v2\/pages\/21951\/revisions"}],"predecessor-version":[{"id":22253,"href":"https:\/\/www.solucionespyme.net\/ca\/wp-json\/wp\/v2\/pages\/21951\/revisions\/22253"}],"wp:attachment":[{"href":"https:\/\/www.solucionespyme.net\/ca\/wp-json\/wp\/v2\/media?parent=21951"}],"curies":[{"name":"wp","href":"https:\/\/api.w.org\/{rel}","templated":true}]}}

Política de Privacidad

<div data-elementor-type="wp-page" data-elementor-id="21951" class="elementor elementor-21951">
				<div class="elementor-element elementor-element-67e4b24 e-flex e-con-boxed e-con e-parent" data-id="67e4b24" data-element_type="container" data-e-type="container">
					<div class="e-con-inner">
		<div class="elementor-element elementor-element-8adda02 e-con-full e-flex e-con e-child" data-id="8adda02" data-element_type="container" data-e-type="container">
				<div class="elementor-element elementor-element-48b6eb7 elementor-widget-divider--view-line elementor-widget elementor-widget-divider" data-id="48b6eb7" data-element_type="widget" data-e-type="widget" data-widget_type="divider.default">
				<div class="elementor-widget-container">
							<div class="elementor-divider">
			<span class="elementor-divider-separator">
						</span>
		</div>
						</div>
				</div>
				<div class="elementor-element elementor-element-a299352 elementor-widget elementor-widget-text-editor" data-id="a299352" data-element_type="widget" data-e-type="widget" data-widget_type="text-editor.default">
				<div class="elementor-widget-container">
									<p><span style="color: #000000;"><b>Información en cumplimiento de la normativa de protección de datos personales</b></span></p><p><span style="color: #000000;">En Europa y en España existen normas de protección de datos pensadas para proteger su información personal de obligado cumplimiento para nuestra entidad.</span></p><p><span style="color: #000000;">Por ello, es muy importante para nosotros, <strong>Soluciones Pyme</strong>, que entienda perfectamente qué vamos a hacer con los datos personales que le pedimos.</span></p><p><span style="color: #000000;">Así, seremos transparentes y le daremos el control de sus datos, con un lenguaje sencillo y opciones claras que le permitirán decidir qué haremos con su información personal. <b><i>Al visitar nuestras webs acepta y consiente la presente Política de Privacidad</i></b>.</span></p><h2><span style="color: #000000;">¿Quién es el Responsable del tratamiento de sus datos?</span></h2><table><tbody><tr><td><span style="color: #000000;">Titular</span></td><td><span style="color: #000000;"><b>Jordi Cereceda Cremades</b></span></td></tr><tr><td><span style="color: #000000;">Dirección</span></td><td><span style="color: #000000;"><strong>Calle Generalitat 11 bajos 08850, Gava (Barcelona)</strong></span></td></tr><tr><td><span style="color: #000000;">Teléfono</span></td><td><strong><span style="color: #000000;">637 71 10 50</span></strong></td></tr><tr><td><span style="color: #000000;">Correo electrónico</span></td><td><a href="mailto:jordi@solucionespyme.net" target="_blank" rel="noopener noreferrer">jordi@solucionespyme.net</a></td></tr></tbody></table><h2> </h2><h2><span style="color: #000000;">¿Con qué finalidad tratamos sus datos?</span></h2><p><span style="color: #000000;">Tratamos los datos que nos ha facilitado con las siguientes finalidades:</span></p><ul><li aria-level="1"><span style="color: #000000;">Realizar las funciones administrativas, contable y laborales relacionadas con los servicios solicitados por usted.</span></li><li aria-level="1"><span style="color: #000000;">Enviar información promocional y/o publicitaria de servicios y productos incluso por medios electrónicos.</span></li><li aria-level="1"><span style="color: #000000;">Con el fin de poder ofrecerle productos y/o servicios de acuerdo con sus intereses y mejorar su experiencia de usuario elaboraremos un perfil comercial de cliente en base a la información facilitada. No se tomarán en ningún caso decisiones automatizadas en base a dicho perfil.</span></li><li aria-level="1"><span style="color: #000000;">Registrar su correo para recibir la <i>newsletter </i>que periódicamente entregamos a nuestros clientes, sólo en el caso de que la haya solicitado expresamente.</span></li><li aria-level="1"><span style="color: #000000;">Mantenimiento de listas de no envíos comerciales en caso de que nos haya comunicado que no quiere recibir información promocional/publicitaria por vía electrónica.</span></li><li aria-level="1"><span style="color: #000000;">Mantenimiento de listas de supresión/cancelación de datos en caso de que haya ejercitado su derecho a la cancelación de sus datos. Estos datos se mantendrán bloqueados y con acceso restringido durante el plazo legal mínimo establecido.</span></li><li aria-level="1"><span style="color: #000000;">Permitir el funcionamiento de nuestras websites, a través de cookies técnicas y funcionales tal como se detalla en nuestra <a style="color: #000000;" href="https://qagencia.com/informacion-legal/politica-de-cookies/">política de cookies</a></span></li></ul><h2><span style="color: #000000;">¿Cuánto tiempo conservaremos sus datos?</span></h2><p><span style="color: #000000;">Sus datos se conservarán:</span></p><ul><li aria-level="1"><span style="color: #000000;">Durante el mínimo tiempo legal posible (Ej.: en caso de facturaciones).</span></li><li aria-level="1"><span style="color: #000000;">En caso de solicitudes de información o consulta: mientras sean necesarias para dar respuesta a la misma.</span></li><li aria-level="1"><span style="color: #000000;">Para los suscriptores de <b><i>newsletters</i></b>, a los tres meses de causar baja, se borrarán parcialmente los datos del correo (disociación), manteniéndose únicamente para controles estadísticos.</span></li></ul><h2><span style="color: #000000;">¿Cuál es la legitimación para el tratamiento de sus datos?</span></h2><p><span style="color: #000000;">Dependiendo del tipo de relación comercial y/o de vinculación con nosotros, la base legal para el tratamiento de sus datos personales puede ser:</span></p><ul><li aria-level="1"><span style="color: #000000;">Su <b>consentimiento</b>, dado en el momento de facilitar voluntariamente sus datos en nuestros formularios y aceptar el tratamiento de sus datos.</span></li><li aria-level="1"><span style="color: #000000;">El <b>interés legítimo </b>nos servirá como base legal para el tratamiento de sus datos en la navegación en los sitios web (Ej.: Navegación en nuestras páginas web)</span></li><li aria-level="1"><span style="color: #000000;"><b>Obligación legal</b>, incluida en el Reglamento Europeo de Protección de Datos y en la Ley de Servicios de la Sociedad de la Información y Comercio Electrónico LSSI (Ej.: bloqueo de sus datos y listado de no envíos comerciales)</span></li></ul><h2><span style="color: #000000;">¿A quién comunicaremos sus datos?</span></h2><ul><li aria-level="1"><span style="color: #000000;">Los datos de los formularios sobre consultas no se entregarán a ningún tercero. Únicamente se tratan internamente en <b>Soluciones Pyme</b>.</span></li><li aria-level="1"><span style="color: #000000;"><b>ASESORIAS, PREVENCIÓN DE RIESGOS, EMPRESAS DE VÍDEO VIDEOVIGILANCIA, EMPRESAS DE HOSTING. </b>En cualquier caso, cualquier cesión existirá amparada bajo un contrato de encargo del tratamiento.</span></li></ul><p><span style="color: #000000;">En caso de transferencia de sus datos a terceros países, velamos por dar la máxima privacidad y seguridad a los datos de nuestros clientes. En este sentido la mayoría de nuestros proveedores y colaboradores se encuentran dentro del EEE (Espacio Económico Europeo). En caso de que alguno de ellos esté situado fuera de esta área, si se trata de EE. UU. deberá estar acogido al Privacy Shield o bien en un país con un nivel adecuado de protección de acuerdo con los criterios de la Comisión Europea. En caso de otros países, que no tengan leyes tan estrictas como la legislación europea, aplicamos cláusulas contractuales tipo, de acuerdo con la Decisión de la Comisión Europea de 5 de febrero de 2010, y se firmarán contratos de encargo de tratamiento con estas empresas.</span></p><p><span style="color: #000000;"><b>Soluciones Pyme</b> garantiza que, en ningún caso vende, ofrece y/o comercializa con los datos de sus clientes.</span></p><h2><span style="color: #000000;">¿Cuáles son sus derechos cuando nos facilita sus datos?</span></h2><p><span style="color: #000000;">Cualquier persona tiene derecho a <b>obtener información</b> clara y comprensible sobre si en <b>Solcuiones Pyme</b> se están tratando sus datos personales.</span></p><p><span style="color: #000000;"> Las personas interesadas tienen derecho a <b>acceder</b> a sus datos de carácter personal, así como a solicitar la <b>rectificación</b> de datos inexactos o, en su caso, solicitar la <b>supresión</b> cuando, entre otros motivos, los datos ya no sean necesarios para la finalidad que fueron entregados, así como, <b>retirar el consentimiento otorgado</b>. El ejercicio de <b>oposición</b> al tratamiento de sus datos para el envío de información publicitaria por vía electrónica. También, puede ejercer su derecho a la <b>limitación del tratamiento</b>, de forma que sus datos no serán suprimidos pero el tratamiento de éstos estará sujeto a limitaciones.</span></p><p><span style="color: #000000;">Los ejercicios de portabilidad y automatización de decisiones no se aplican en este caso por la tipología de datos y tratamiento de éstos.</span></p><p><span style="color: #000000;">El ejercicio de los derechos, anteriormente, indicados se podrá hacer por correo postal, adjuntando copia del DNI o pasaporte, ante <b>Soluciones Pyme</b> con domicilio en<b> </b></span><span style="text-align: var(--text-align);"><span style="color: #000000;"><b>Calle Generalitat 11 bajos 08850, Gava (Barcelona)</b></span></span><span style="color: #000000; text-align: var(--text-align);">, o por correo electrónico, a </span><a style="text-align: var(--text-align); background-color: #ffffff; color: #000000;" href="mailto:info@zynco.com">info@zynco.com</a><span style="color: #000000; text-align: var(--text-align);">  adjuntando la misma documentación, es decir, copia del DNI o pasaporte.</span></p><h2><span style="color: #000000;">Contacto</span></h2><p><span style="color: #000000;">Para cualquier consulta sobre el tratamiento de sus datos puede ponerse en contacto con nosotros en el correo electrónico antes indicado.</span></p><p><span style="color: #000000;">Asimismo, usted puede dirigir sus reclamaciones derivadas del tratamiento de sus datos de carácter personal ante la entidad de control española (Agencia Española de Protección de Datos).</span></p>								</div>
				</div>
				</div>
					</div>
				</div>
				</div>

<p>Información en cumplimiento de la normativa de protección de datos personales En Europa y en España existen normas de protección de datos pensadas para proteger su información personal de obligado cumplimiento para nuestra entidad. Por ello, es muy importante para nosotros, Soluciones Pyme, que entienda perfectamente qué vamos a hacer con los datos personales que&#8230;</p>
